{"id":3968,"date":"2022-03-22T09:03:38","date_gmt":"2022-03-22T09:03:38","guid":{"rendered":"https:\/\/www.fpzv-ev.de\/?page_id=3968"},"modified":"2022-03-22T15:25:20","modified_gmt":"2022-03-22T15:25:20","slug":"die-wichtigsten-fragen-zur-friesenzucht","status":"publish","type":"page","link":"https:\/\/www.fpzv-ev.de\/index.php\/friesenpferdezucht\/die-wichtigsten-fragen-zur-friesenzucht\/","title":{"rendered":"Die wichtigsten Fragen zur Friesenzucht"},"content":{"rendered":"<p><b>Friesenpferd z\u00fcchten \u2013 wie beginne ich?<\/b><\/p>\n<p>Sie haben eine Friesenstute oder einen Friesenhengst und wollen mit Ihrem Pferd z\u00fcchten? Wir beantworten Ihnen hier die wichtigsten Fragen zum Einstieg in die Zucht der Friesenpferde.<\/p>\n<h3><b>Ich will mit meiner Friesenstute z\u00fcchten. Wie beginne ich? Worauf muss ich achten?<\/b><\/h3>\n<p>Zu Beginn sollten Sie sich drei Fragen stellen:<\/p>\n<ol>\n<li>Welches Zuchtziel habe ich?<\/li>\n<li>Wie ist meine finanzielle Situation?<\/li>\n<li>Wie sehen meine Haltungsm\u00f6glichkeiten aus?<\/li>\n<\/ol>\n<p>Eine gesunde, fitte Stute ist f\u00fcr die*den angehende*n Z\u00fcchter*In das A und O. Denn sie vererbt rund 70 Prozent ihrer Anlagen an den Nachwuchs. Der Einfluss des Hengstes liegt demnach bei rund 30 Prozent. In der Realit\u00e4t variieren diese Werte nat\u00fcrlich immer etwas. Vor der geplanten Bedeckung sollte die Stute gesundheitlich von einem Tierarzt gecheckt werden. Bei diesem Check sollten eine Tupferprobe (w\u00e4hrend der Rosse, sodass sie direkt aus dem Uterus genommen wird) und ein Ultraschall der Geb\u00e4rmutter gemacht werden. Bei dieser Untersuchung stellt der Tierarzt fest, ob die Stute Zysten hat und die Geb\u00e4rmutter gut intakt ist. Zus\u00e4tzlich kann der Tierarzt einsch\u00e4tzen, wann die n\u00e4chste Rosse eintritt und wann der beste Zeitpunkt f\u00fcr die Bedeckung oder Besamung sein wird. Dieser Basis-Check des Pferdes dient f\u00fcr Sie auch als Grundlagen-Pr\u00fcfung der medizinischen Betreuung. Denn der Tierarzt wird Ihr*e beste*r Freund*In werden. Sowohl die Vorbereitung der Bedeckung, die regelm\u00e4\u00dfige Tr\u00e4chtigkeitskontrolle und auch die Betreuung nach dem Abfohlen sind essenziell f\u00fcr ein gesundes Zuchtergebnis. Kn\u00fcpfen Sie daher einen vertraulichen Draht zu Ihrem Tierarzt oder Ihrer Tier\u00e4rztin.<\/p>\n<p>Exterieur und Interieur einer Stute sollten stimmen. Neigt die Stute z. B. zum Senkr\u00fccken und z\u00e4hlt eher zu den \u00fcbergewichtigen, \u00fcbernerv\u00f6sen Kandidaten, w\u00e4re das beispielsweise eine weniger w\u00fcnschenswerte Zuchtgrundlage. Die Gefahr, dass sie die entsprechenden Anlagen daf\u00fcr vererbt, ist hoch. Zus\u00e4tzlich schauen die Fohlen sich negative Charaktereigenschaften in den ersten Lebenswochen von ihrer Mutter ab.<span class=\"Apple-converted-space\">\u00a0<\/span><\/p>\n<p>Wir empfehlen eine Bedeckung (Natursprung) oder Besamung (k\u00fcnstliche Befruchtung) der Stute im Fr\u00fchling. Der Geburtstermin wird dann in der Regel im M\u00e4rz, April oder Mai sein. Stute und Fohlen haben dann jede Menge Zeit auf der Wiese, was gut f\u00fcr die k\u00f6rperliche und psychische Entwicklung des Fohlens ist.<span class=\"Apple-converted-space\">\u00a0<\/span><\/p>\n<p>Von den Hengsthaltern erhalten die Stutenbesitzer einen Deckschein. Wir freuen uns nach der Geburt des Fohlen \u00fcber eine Meldung. Entsprechende Formulare finden Sie <a href=\"https:\/\/www.fpzv-ev.de\/index.php\/service\/formulare\/\">HIER<\/a>.<\/p>\n<h3><b>Wie finde ich einen passenden Hengst f\u00fcr meine Friesenstute?<\/b><\/h3>\n<p>Das kommt ganz auf das Zuchtziel an, d. h. welche Anlage der Stute soll verbessert werden? Wenn die Stute zum Beispiel einen verk\u00fcrzten Schritt hat und diese Anlage verbessert werden soll, dann w\u00fcrde sich die Anpaarung mit einem Hengst empfehlen, der einen sehr guten Schritt mitbringt.<\/p>\n<p>Anders verh\u00e4lt es sich bei Stutenbesitzern, die ein Fohlen aus ihrer Stute ziehen wollen, um sie darin sozusagen weiterleben zu lassen. Hat die Stute gute Anlagen, die nicht weiter verbessert werden m\u00fcssen, kann ein Hengst gew\u00e4hlt werden, der gut gef\u00e4llt und im Hinblick auf Verwandtschaftsgrad und Inzuchtfaktor passt, sowie frei von Fuchsgen, Wasserkopf und Zwergenwuchs ist. Die eingetragenen Deckhengste beim FPZV sind auf die beiden Gendefekte und das Farbgen entsprechend freigetestet.<\/p>\n<p>Sie wollen mit Ihrer Stute z\u00fcchten und suchen einen passenden Hengst? Dann klicken Sie sich durch unser <a href=\"https:\/\/www.fpzv-ev.de\/index.php\/friesenpferdezucht\/zuchtbuch\/fpzv-hengste\/\">Deckhengst-Verzeichnis<\/a>. Die Kontaktdaten der Hengsthalter finden Sie ebenfalls in diesem Bereich. Wir empfehlen, den Hengstbesitzer im Fall des Interesses pers\u00f6nlich zu kontaktieren. Unsere Hengsthalter beraten Sie bei Ihrer Auswahl.<\/p>\n<h3><b>Ich will mit meinem Friesenhengst z\u00fcchten. Wie beginne ich? Worauf muss ich achten?<\/b><\/h3>\n<p>Soll ein Friesenhengst in die Zucht, muss er zun\u00e4chst vom FPZV gek\u00f6rt und leistungsgepr\u00fcft werden. Entsprechende Veranstaltungen finden im Abstand von zwei Jahren statt und werden auf unserer Website und den Social Media Kan\u00e4len kommuniziert. Wir freuen uns, wenn Sie uns auf Facebook folgen.<\/p>\n<p>Ob Ihr Hengst f\u00fcr die Zucht geeignet ist, k\u00f6nnen Sie bereits w\u00e4hrend einer unserer Zuchtschauen pr\u00fcfen lassen. Unsere Zuchtkommission begutachtet bei diesen Terminen den Hengst und kann eine Einsch\u00e4tzung geben, ob er zuchtrelevante Anlagen vorweist.<\/p>\n<p>Um ein Friesenpferd beim FPZV vorzustellen ist eine Mitgliedschaft notwendig. Warum es sich lohnt FPZV-Mitglied zu werden und die Mitgliedsantr\u00e4ge, finden Sie <a href=\"https:\/\/www.fpzv-ev.de\/index.php\/der-fpzv\/mitglied-werden\/\">HIER<\/a>.<\/p>\n<h3><b>Wie finden mich Stutenbesitzer?<\/b><\/h3>\n<p>Wir f\u00fchren aktive Deckhengste in unserem <a href=\"https:\/\/www.fpzv-ev.de\/index.php\/friesenpferdezucht\/zuchtbuch\/fpzv-hengste\/\">Hengst-Register<\/a>. In diesem Verzeichnis finden Sie die aktiven, gek\u00f6rten und leistungsgepr\u00fcften Zuchthengste des FPZV. Von einigen verstorbenen Deckhengsten existiert noch Tiefk\u00fchl-Samen. Bitte sprechen Sie unsere Z\u00fcchter bei Interesse darauf an.<span class=\"Apple-converted-space\">\u00a0<\/span><\/p>\n<p>Auf diese Weise machen wir die Hengste unserer Mitglieds-Z\u00fcchter f\u00fcr potenzielle Interessenten sichtbar. F\u00fcr die \u00fcbrige Werbung sind unsere Mitgliedsz\u00fcchter jeweils selbst zust\u00e4ndig.<\/p>\n<h3><b>Ich habe eine andersrassige Stute (z. B. Tinker, Quarter Horse, Spanier) und h\u00e4tte gern einen Friesenmix. Kann ich sie mit einem Friesenhengst anpaaren?<\/b><\/h3>\n<p>Prinzipiell steht aus rein nat\u00fcrlichen Gr\u00fcnden einer solchen Anpaarung nichts im Weg. Der FPZV setzt sich jedoch f\u00fcr die Erhaltung der Rasse \u201eFriesenpferd\u201c ein, und damit auch f\u00fcr die \u201eReinheit\u201c dieser Pferderasse. Dementsprechend haben wir ein geschlossenes Zuchtbuch.<\/p>\n<p>Ein Mix-Fohlen kann innerhalb unseres Verbandes daher aktuell nicht in ein entsprechendes Zuchtbuch aufgenommen werden. Von unserem Tochterverband FPZV USA in den Vereinigten Staaten von Amerika wissen wir, dass das Interesse an einem gesonderten Zuchtbuch durchaus existiert. In einigen Landesverb\u00e4nden k\u00f6nnen diese Mix-\/ Cross-Pferde, wie z. B. Barockpintos und Warlander, registriert werden. Sofern es dem jeweiligen Zuchtbuch entspricht, k\u00f6nnen die beim FPZV eingetragenen Deckhengste auch in der Barockpinto- oder Warlander-Zucht eingesetzt werden. Sprechen Sie unsere Mitgliedsz\u00fcchter gern an. Die Kontaktinfos finden Sie unter den Infos zu unseren Deckhengsten.<\/p>\n<h3><b>Meine Friesen-Stute hat keine Papiere. Kann ich dennoch ein Fohlen aus ihr ziehen?<span class=\"Apple-converted-space\">\u00a0<\/span><\/b><\/h3>\n<p>Grunds\u00e4tzlich k\u00f6nnen Friesen-Stuten ohne Papiere auch als Mutter-Tiere genutzt werden. Jedoch ist eine Anpaarung f\u00fcr ein Pferd ohne Papiere mit Risiken verbunden. Da das Pedigree der Friesenstute in der Regel nicht bekannt ist, k\u00f6nnen weder Inzuchtfaktor noch Verwandtschaftsgrad eingesch\u00e4tzt werden. Das Fohlen kann dann durchaus Missbildungen aufweisen.<\/p>\n<p>Zus\u00e4tzliche hat der FPZV ein geschlossenes Zuchtbuch. Ein Fohlen aus einer Stute ohne Papiere kann nicht ins Zuchtbuch aufgenommen werden.<\/p>\n<h3><b>Kann ich meinen Friesenmix beim FPZV eintragen lassen?<\/b><\/h3>\n<p>Nein, aktuell bietet der Friesenpferdezuchtverband e. V. das nicht an. Der Verband wei\u00df aber, dass das Interesse an einem entsprechenden Zuchtbuch hoch ist.<\/p>\n<h3><b>Muss ich Mitglied beim FPZV werden, wenn ich von meinem Friesenpferd einen Nachkommen haben will?<\/b><\/h3>\n<p>Je nach Zuchtziel ist die Frage nach der Mitgliedschaft im Friesenpferdezuchtverband relevant. Soll das Fohlen der Anfang einer Friesenpferdezucht sein, empfehlen wir die Mitgliedschaft in unserem Verband, da Sie auf diese Weise auch Teil einer Wissensgemeinschaft werden. Die Stute sollte zudem in unserem Stutbuch verzeichnet sein. Nur so k\u00f6nnen wir Ihren Friesenpferde-Nachwuchs bei uns registrieren und Ihnen einen entsprechenden Equidenpass und die Besitzurkunde ausstellen. Kontaktieren Sie uns gern, wenn Sie n\u00e4here Infos zu einer Mitgliedschaft bei uns erhalten wollen. Unsere Kontaktdaten finden Sie <a href=\"https:\/\/www.fpzv-ev.de\/index.php\/friesenpferdezucht\/unser-verband\/vorstand-geschaeftsstelle\/\">HIER<\/a>.<\/p>\n<h3><b>Was bedeutet Inzuchtfaktor in der Friesenzucht?<\/b><\/h3>\n<p>Die Friesenpferde-Zucht ist eine geschlossene, d. h. es darf kein fremdes Blut eingekreuzt werden. Das resultiert aus der Geschichte, dass die Rasse schon des \u00d6fteren vom Aussterben bedroht war. 1885 wurde der letzte Friesenhengst geboren. Auf diesem Hengst, Nemo 51 P, gek\u00f6rt 1888, fu\u00dft die heutige Friesenzucht.<\/p>\n<p>Aus diesem Hengstblut sind \u00fcber Ulbe 100 P, Victor 110 und Paulus 121 \u00fcber viele Jahrzehnte die heute vier bedeutenden Hengstlinien: Age 168, Ritske 202 P und Tetmann 205. Die Tetmann-Linie ist inzwischen so gro\u00df, dass sie in Jarich 226 und Mark 232 P geteilt wird.<\/p>\n<p>Durch diese enge Z\u00fcchtung ergibt sich das Problem der Inzucht. Dieses Ph\u00e4nomen gibt es durchaus auch bei anderen Pferderassen, jedoch wird der Inzuchtfaktor innerhalb der Friesenpferdezucht als entscheidendes Kriterium buchst\u00e4blich genannt. Der Inzuchtfaktor wird im Pedigree der Friesenpferde ausdr\u00fccklich genanntn.<\/p>\n<p>In einer geplanten Anpaarung wird mindestens f\u00fcnf Generationen zur\u00fcckgeblickt, und gepr\u00fcft, ob in der Vater- und Mutterlinie gleiche Elternpaare vorkommen.<\/p>\n<p><strong>Unterschieden werden die Inzuchtgrade in:<\/strong><\/p>\n<p><strong>Leichte Inzucht:<\/strong> 10 Prozent<\/p>\n<p><strong>Mittlere Inzucht:<\/strong> 25 Prozent<\/p>\n<p><strong>Starke Inzucht:<\/strong> \u00fcber 25 Prozent<\/p>\n<p>Wir empfehlen \u2013 ebenso wie das holl\u00e4ndische Stammbuch K. F. P. S. \u2013 eine Anpaarung mit einem Inzuchtfaktor von unter f\u00fcnf Prozent.<\/p>\n<h3><b>Was bedeutet Verwandtschaftsgrad in der Friesenzucht?<\/b><\/h3>\n<p>Der Verwandtschaftsgrad zeigt an, wie verwandt ein Pferd im Hinblick auf die Gesamtpopulation der Rasse Friesenpferd ist. Der Faktor soll vermeiden, dass die Gene innerhalb der Friesenpferde-Zucht zu eng werden.<\/p>\n<p>&nbsp;<\/p>\n<figure id=\"attachment_3784\" aria-describedby=\"caption-attachment-3784\" style=\"width: 181px\" class=\"wp-caption alignleft\"><img decoding=\"async\" class=\" wp-image-3784\" src=\"https:\/\/www.fpzv-ev.de\/wp-content\/uploads\/2021\/11\/FPZV-USA-2021_12-225x300.jpg\" alt=\"FPZV USA 2021, Foto: privat\" width=\"191\" height=\"254\" srcset=\"https:\/\/www.fpzv-ev.de\/wp-content\/uploads\/2021\/11\/FPZV-USA-2021_12-225x300.jpg 225w, https:\/\/www.fpzv-ev.de\/wp-content\/uploads\/2021\/11\/FPZV-USA-2021_12-768x1024.jpg 768w, https:\/\/www.fpzv-ev.de\/wp-content\/uploads\/2021\/11\/FPZV-USA-2021_12-1152x1536.jpg 1152w, https:\/\/www.fpzv-ev.de\/wp-content\/uploads\/2021\/11\/FPZV-USA-2021_12.jpg 1500w\" sizes=\"(max-width: 191px) 100vw, 191px\" \/><figcaption id=\"caption-attachment-3784\" class=\"wp-caption-text\">Hundert Prozent Friese, aber ein Fuchs: Um diese Farbe zu z\u00fcchten, m\u00fcssen sowohl Friesenhengst als auch Friesenstute Fuchsgen-Tr\u00e4ger sein. In den USA sind diese &#8222;bunten&#8220; Friesen sehr beliebt, wie unsere Zuchtkommission w\u00e4hrend ihrer Reise 2021 erfahren hat. Foto: privat<\/figcaption><\/figure>\n<h3><b>Was ist das Fuchs-Gen?<\/b><\/h3>\n<p>Der Friese war nicht immer schwarz. Es gab sie vor \u00fcber 500 Jahren in allen erdenklichen Farben \u2013 auch als Schimmel. Seit 1879 setzt sich der K. F. P. S. daf\u00fcr ein, dass das Friesenpferd rein als Rappe gez\u00fcchtet wird. Zum Gr\u00fcndungszeitpunkt des Stammbuches gab es noch rund 10 Prozent andersfarbige Friesenpferde. Die letzte braune Friesenstute wurde 1928 ins KFPS eingetragen.<\/p>\n<p>Durch die Reinz\u00fcchtung ist der Fuchsfaktor immer mehr aus den Genen der Friesenpferde ausgeschlossenen worden, bis er gar nicht mehr in den Erbanlagen vorhanden war. Der Fuchsfaktor ist \u2013 einfach gesagt \u2013 ein rotes Pigment, das einfluss auf das reinschwarze Pigment nimmt und ihm eine F\u00e4rbung verleiht. In den heutigen Farbanlagen der Friesen dominiert das reinzuchtschwarze Pigment.<span class=\"Apple-converted-space\">\u00a0<\/span><\/p>\n<p>Ein fuchsfarbener Friese kann nur entstehen, wenn zwei Friesenpferde miteinander angepaart sind, die beide die Anlage \u201enicht-reinzuchtschwarz\u201c haben.<\/p>\n<p>Hengste werden auf das Fuchs-Gen getestet. Tr\u00e4gt der Hengst das Fuchsgen, muss die Stute auf jeden Fall Fuchsgen-frei sein.<\/p>\n<p>&nbsp;<\/p>\n<p>&nbsp;<\/p>\n<h3><b>Was bedeutet Zwergenwuchs bzw. Wasserkopf?<\/b><\/h3>\n<p>Bei beiden Bezeichnungen handelt es sich um Gen-Defekte, die \u00fcber entsprechende Tests ausgeschlossen werden k\u00f6nnen. Beide Gendefekte f\u00fchren zu Missbildungen beim Pferd, die erheblichen Einfluss auf sein Wohlbefinden haben.<\/p>\n<p>Zwergenwuchs, in der Fachsprache: Osteochondrodysplasia (OCD), ist ein Gen-Defekt, der zu um 25 Prozent verk\u00fcrzten Beinen und einen verengten Brustkorb f\u00fchrt. Die Gelenkknorpel sind dabei gest\u00f6rt, der R\u00fccken zu lang, die Fesselgelenke haben zu viel Spiel und die Pferde muskeln nicht optimal auf. Meistens haben Zwergenwuchs-Friesen eine geringe Lebenserwartung und leiden unter starken Schmerzen.<\/p>\n<p>Wasserkopf, in der Fachsprache: Hydrocephalus, hei\u00dft, dass sich im Gehirn des Pferdes Wasser ansammelt. Der Kopf des Pferdes beginnt sich zu verformen. Viele Fohlen mit dieser Anlage werden bereits tot geboren. \u00dcberleben sie die Geburt, werden sie in der Regel eingeschl\u00e4fert.<\/p>\n<p>Beide Gen-Defekte k\u00f6nnen nur vererbt werden, wenn beide Elterntiere das Gen haben. Die FPZV-Deckhengste werden vor der Aufnahme in den Zuchteinsatz entsprechend freigetestet. Wir empfehlen, auch die entsprechenden Zuchtstuten auf die Gendefekte testen zu lassen.<\/p>\n<h3><b>Wie erhalte ich einen eingetragenen Zuchtnamen?<\/b><\/h3>\n<p>Ein entsprechende Zuchtname muss bei der Deutschen Reiterlichen Vereinigung e. V. beantragt und eingetragen werden. Die entsprechenden Formulare finden Sie <a href=\"https:\/\/www.pferd-aktuell.de\/pferdezucht\/zuechter\/zuchtstaettenname\">HIER<\/a>.<\/p>\n<p><strong>Die FN definiert den Zuchtnamen wie folgt:<\/strong><\/p>\n<p>\u201eAls Prefix\/Suffix wird ein dem Pferdenamen vorangestellter\/nachgestellter Pferdenamenszusatz (Zuchtst\u00e4ttenname) bezeichnet. Ein Prefix wird dem eigentlichen Pferdenamen vorangestellt (z.B. <i>Birkenhofs &#8230;<\/i>) Beim Suffix handelt es sich um einen dem Pferdenamen nachgestellten Namenszusatz wie z.B. <i>vom Birkenhof<\/i>. Der Namenszusatz sollte eine auf die Zuchtst\u00e4tte oder den Z\u00fcchter bezugnehmende Bedeutung haben.<span class=\"Apple-converted-space\">\u00a0<\/span><\/p>\n<p>Das Prefix\/Suffix ist vom Z\u00fcchter ausschlie\u00dflich \u00fcber den Bereich Zucht der Deutschen Reiterlichen Vereinigung e.V. (FN) beim Central Prefix Register (CPR) in England zu beantragen. Ist das Prefix\/Suffix \u00fcber die FN beim Central Prefix Register eingetragen, so ist der Zuchtst\u00e4ttenname\/Pferdenamenszusatz f\u00fcr den Z\u00fcchter \u00fcber alle diesem Register angeschlossenen Z\u00fcchtervereinigungen gesch\u00fctzt. Der Zuchtst\u00e4ttenname darf ausschlie\u00dflich f\u00fcr von diesem Z\u00fcchter oder dieser Zuchtst\u00e4tte gezogene Pferde* (s.o.) verwendet werden<span class=\"Apple-converted-space\">\u00a0<\/span><\/p>\n<p>Das Prefix\/Suffix darf laut Prefix Register nur aus <b>einem <\/b>Wort bestehen. Ausnahme Suffix: Vorangestellte Begriffe wie z.B. <i>\u201evon der&#8230;\u201c, \u201eaus dem &#8230;\u201c <\/i>etc. sind erlaubt. Der Zus\u00e4tze \u201eof\u201c, \u201efrom\u201c und \u201efr\u00e1\u201c werden von der FN abgelehnt. Der Namenszusatz muss mindestens <b>drei <\/b>und darf h\u00f6chstens <b>20 <\/b>Buchstaben umfassen. Missverst\u00e4ndliche Begriffe werden abgelehnt. <b>Apostrophe, Bindestriche und Zusatzzahlen <\/b>werden vom CPR nicht akzeptiert. Zuchtst\u00e4ttennamen m\u00fcssen sich laut Vorgabe des Prefix Registers in der Schreibweise mit mindestens drei Buchstaben unterscheiden.<span class=\"Apple-converted-space\">\u00a0<\/span><\/p>\n<p>Der registrierte Namenszusatz wird <b>zuchtseitig <\/b>bei allen Pferden (s.o.) des Z\u00fcchters, bei denen er in der Zuchtbescheinigung als Z\u00fcchter aufgef\u00fchrt ist, als Bestandteil des Pferdenamens ausgewiesen. Ist ein Pferdename mit einem registrierten Zuchtst\u00e4ttennamen verbunden, so ist dieser bei Eintragung in ein Zuchtbuch einer Z\u00fcchtervereinigung ohne \u00c4nderungen oder Erg\u00e4nzungen zu \u00fcbernehmen.<span class=\"Apple-converted-space\">\u00a0<\/span><\/p>\n<p>Prefixe\/Suffixe, die vor 1997 von den Z\u00fcchtervereinigungen nur regional f\u00fcr die Zuchtst\u00e4tte registriert wurden, wurden mit Einf\u00fchrung der Prefix-\/Suffixregelung nicht automatisch in das Central Prefix Register \u00fcbernommen. Diese m\u00fcssen vom Z\u00fcchter \u00fcber den FN-Bereich Zucht beantragt und nachtr\u00e4glich beim CPR eingetragen werden.<span class=\"Apple-converted-space\">\u00a0<\/span><\/p>\n<p>Das \u00fcber den FN-Bereich Zucht beim CPR registrierte Prefix\/Suffix ist bei der Turnierpferdeeintragung von der FN-Geb\u00fchrenordnung f\u00fcr Werbenamen und Namenszus\u00e4tze freigestellt.<br \/>\n<b>Achtung: <\/b>Dies gilt nur f\u00fcr Pferde, die vom Prefix-\/Suffix-Eigent\u00fcmer selbst gezogenen wurden.<span class=\"Apple-converted-space\">\u00a0<\/span><\/p>\n<p><strong>EINTRAGUNGSGEB\u00dcHR:<\/strong><span class=\"Apple-converted-space\">\u00a0<\/span><\/p>\n<p>Grundgeb\u00fchr Zuchtst\u00e4tte (1 Person): 75 Euro<br \/>\n+Geb\u00fchr f\u00fcr weitere Miteigent\u00fcmer, je Person: 10 Euro<br \/>\n+ Porto und MwSt.<\/p>\n<p>Wird ein Prefix bzw. Suffix nachtr\u00e4glich erweitert\/ge\u00e4ndert (<i>z.B. Neuaufnahme Mitbenutzer oder Ausscheiden eines Mitbenutzers)<\/i>, wird eine <b>\u00c4nderungsgeb\u00fchr <\/b>in H\u00f6he von 30 Euro plus MwSt. und Porto f\u00fcr die \u00c4nderung inkl. Neuausstellung der Eintragungsurkunde in England f\u00e4llig.\u201c<\/p>\n","protected":false},"excerpt":{"rendered":"<p>Friesenpferd z\u00fcchten \u2013 wie beginne ich? Sie haben eine Friesenstute oder einen Friesenhengst und wollen mit Ihrem Pferd z\u00fcchten? Wir beantworten Ihnen hier die wichtigsten Fragen zum Einstieg in die Zucht der Friesenpferde. Ich will mit meiner Friesenstute z\u00fcchten. Wie beginne ich? Worauf muss ich achten? Zu Beginn sollten Sie sich drei Fragen stellen: Welches &#8230; <a title=\"Die wichtigsten Fragen zur Friesenzucht\" class=\"read-more\" href=\"https:\/\/www.fpzv-ev.de\/index.php\/friesenpferdezucht\/die-wichtigsten-fragen-zur-friesenzucht\/\" aria-label=\"Mehr bei Die wichtigsten Fragen zur Friesenzucht\">Weiterlesen &#8230;<\/a><\/p>\n","protected":false},"author":123462,"featured_media":0,"parent":410,"menu_order":0,"comment_status":"closed","ping_status":"closed","template":"","meta":{"generate_page_header":""},"_links":{"self":[{"href":"https:\/\/www.fpzv-ev.de\/index.php\/wp-json\/wp\/v2\/pages\/3968"}],"collection":[{"href":"https:\/\/www.fpzv-ev.de\/index.php\/wp-json\/wp\/v2\/pages"}],"about":[{"href":"https:\/\/www.fpzv-ev.de\/index.php\/wp-json\/wp\/v2\/types\/page"}],"author":[{"embeddable":true,"href":"https:\/\/www.fpzv-ev.de\/index.php\/wp-json\/wp\/v2\/users\/123462"}],"replies":[{"embeddable":true,"href":"https:\/\/www.fpzv-ev.de\/index.php\/wp-json\/wp\/v2\/comments?post=3968"}],"version-history":[{"count":9,"href":"https:\/\/www.fpzv-ev.de\/index.php\/wp-json\/wp\/v2\/pages\/3968\/revisions"}],"predecessor-version":[{"id":3990,"href":"https:\/\/www.fpzv-ev.de\/index.php\/wp-json\/wp\/v2\/pages\/3968\/revisions\/3990"}],"up":[{"embeddable":true,"href":"https:\/\/www.fpzv-ev.de\/index.php\/wp-json\/wp\/v2\/pages\/410"}],"wp:attachment":[{"href":"https:\/\/www.fpzv-ev.de\/index.php\/wp-json\/wp\/v2\/media?parent=3968"}],"curies":[{"name":"wp","href":"https:\/\/api.w.org\/{rel}","templated":true}]}}