{"id":421,"date":"2018-03-20T17:55:19","date_gmt":"2018-03-20T17:55:19","guid":{"rendered":"https:\/\/www.fpzv-ev.de\/?page_id=421"},"modified":"2023-08-02T18:32:34","modified_gmt":"2023-08-02T18:32:34","slug":"zuchtbuch-faq","status":"publish","type":"page","link":"https:\/\/www.fpzv-ev.de\/index.php\/friesenpferdezucht\/zuchtbuch\/zuchtbuch-faq\/","title":{"rendered":"Was ist das Zuchtbuch online?"},"content":{"rendered":"\t\t<div data-elementor-type=\"wp-post\" data-elementor-id=\"421\" class=\"elementor elementor-421\">\n\t\t\t\t\t\t<section class=\"elementor-section elementor-top-section elementor-element elementor-element-e862981 elementor-section-boxed elementor-section-height-default elementor-section-height-default\" data-id=\"e862981\" data-element_type=\"section\">\n\t\t\t\t\t\t<div class=\"elementor-container elementor-column-gap-default\">\n\t\t\t\t\t<div class=\"elementor-column elementor-col-100 elementor-top-column elementor-element elementor-element-76f2505\" data-id=\"76f2505\" data-element_type=\"column\">\n\t\t\t<div class=\"elementor-widget-wrap elementor-element-populated\">\n\t\t\t\t\t\t<div class=\"elementor-element elementor-element-a2b6b99 elementor-widget elementor-widget-text-editor\" data-id=\"a2b6b99\" data-element_type=\"widget\" data-widget_type=\"text-editor.default\">\n\t\t\t\t<div class=\"elementor-widget-container\">\n\t\t\t\t\t\t\t<div class=\"beitrag_ueberschrift\"><p>Den Z\u00fcchtern im FPZV steht f\u00fcr Ihre Zuchtarbeit nun ein neues zeitgem\u00e4\u00dfes Instrument zur Verf\u00fcgung. Alle relevanten Pferdestammdaten des FPZV inkl. der Zuchtwerte aus der aktuellen FPZV-Zuchtwertsch\u00e4tzung f\u00fcr Typ, Exterieur, Bewegung und Gesamteindruck sind in der Online-Datenbank enthalten und k\u00f6nnen von jedem Pferd abgerufen werden. Dar\u00fcber hinaus k\u00f6nnen virtuelle Einzelverpaarungen mit den aktiven FPZV-Hengsten durchgespielt werden. Dazu errechnet das System die Erwartungswerte des \u201egeplanten Fohlens\u201c hinsichtlich der Merkmale der Zuchtwertsch\u00e4tzung, d.h. also f\u00fcr Typ, Exterieur, Bewegung und Gesamteindruck. Nat\u00fcrlich wird dabei auch der Inzuchtkoeffizient \u00fcber 5 Generationen f\u00fcr dieses \u201evirtuelle Fohlen\u201c ausgegeben.<\/p><\/div><div class=\"block row\" data-template=\"onlyText\"><div class=\"col-xs-12\"><p><strong>Welcher der aktiven FPZV-Hengste passt am besten zu meiner Stute?<\/strong><\/p><p>Auch dies l\u00e4sst sich \u00fcber das Online-System realisieren. In Windeseile werden, in einem Rutsch, alle aktiven FPZV-Hengste mit jeder beliebigen Stute virtuell verpaart bzw. die Paarungen durchgespielt und die Hengste ausgewiesen die den Anspr\u00fcchen des Z\u00fcchters am besten entsprechen, d.h. die der Z\u00fcchter nat\u00fcrlich festgelegt bzw. definiert hat.<\/p><p>Wichtig ist zu sagen,dass das System inhaltlich noch in den Anf\u00e4ngen steht. Zuk\u00fcnftig k\u00f6nnen z.B. auch Turniersportergebnisse und nat\u00fcrlich auch Bildgalerien und Videos der Datenbank hinzugef\u00fcgt werden. Grundlage der FPZV-Online Datenbank sind die Informationen die der Zuchtbuchstelle des FPZV aktuell bekannt sind. Informationsl\u00fccken bzw. auch m\u00f6gliche Fehler k\u00f6nnen durch Ihre Mithilfe geschlossen bzw. korrigiert werden. Dazu bitte einfach die Meldung an die Zuchtbuch- bzw. Gesch\u00e4ftsstelle des FPZV schicken. Es besteht zudem die M\u00f6glichkeit Fotos der eigenen Pferde im Online-Zuchtbuch zu ver\u00f6ffentlichen. Dazu k\u00f6nnen Bilder im JPG-Format (max. Aufl\u00f6sung 640&#215;480) an die Gesch\u00e4ftsstelle des FPZV gemailt werden. Achten Sie aber bitte darauf, dass die Rechte an den Fotos Ihnen vorliegen.<\/p><p>Wer seine Friesenstute nicht in der Datenbank findet, aber gerne Anpaarungen mit den FPZV-Hengsten durchspielen m\u00f6chte, kann eine Kopie der Zuchtbescheinigung seiner Stute in der Gesch\u00e4ftsstelle des FPZV einreichen und in die Datenbank einarbeiten lassen \u2013 Informationen bzw. Konditionen dazu k\u00f6nnen Sie in der Gesch\u00e4ftsstelle des FPZV erfragen.<\/p><p><strong>Die Online-Datenbank enth\u00e4lt:<\/strong><br \/>\u2022 Alle Stammdaten mit Detailinformationen aller Pferde des FPZV-Zuchtbuches<br \/>\u2022 Zuchtwerte mit deren Genauigkeit aus Ahnen-, Eigen- und Nachkommenleistungen<br \/>\u2022 Gro\u00dfe Statistiken zur Informationsmenge der Zuchtwertsch\u00e4tzung f\u00fcr jedes Pferd<br \/>\u2022 Hengstverteilungsplan mit Filterm\u00f6glichkeiten<\/p><p><strong>Die Features des Online-Zuchtbuches im Einzelnen:<\/strong><br \/>\u2022 Beliebige Pferdesuche<br \/>\u2022 Einzelverpaarungen<br \/>\u2022 Verpaarung mit aktiven FPZV-Hengstbestand mit Anforderungen<br \/>\u2022 Grafische Ausgabe der \u201evirtuellen Fohlen\u201c mit Pedigree, Inzuchtkoeffizient, Erwartungswerten<br \/>\u2022 PDF-Ausgabe der virtuellen Paarung mit 5-Generationen-Pedigree aus Inzuchtprozenten der zur Inzucht beitragenden Ahnen.<\/p><p>Peter Pracht<\/p><\/div><\/div>\t\t\t\t\t\t<\/div>\n\t\t\t\t<\/div>\n\t\t\t\t\t<\/div>\n\t\t<\/div>\n\t\t\t\t\t<\/div>\n\t\t<\/section>\n\t\t\t\t<section class=\"elementor-section elementor-top-section elementor-element elementor-element-5181418 elementor-section-boxed elementor-section-height-default elementor-section-height-default\" data-id=\"5181418\" data-element_type=\"section\">\n\t\t\t\t\t\t<div class=\"elementor-container elementor-column-gap-default\">\n\t\t\t\t\t<div class=\"elementor-column elementor-col-33 elementor-top-column elementor-element elementor-element-6e8913a\" data-id=\"6e8913a\" data-element_type=\"column\">\n\t\t\t<div class=\"elementor-widget-wrap elementor-element-populated\">\n\t\t\t\t\t\t<div class=\"elementor-element elementor-element-ce038e0 elementor-widget elementor-widget-image\" data-id=\"ce038e0\" data-element_type=\"widget\" data-widget_type=\"image.default\">\n\t\t\t\t<div class=\"elementor-widget-container\">\n\t\t\t\t\t\t\t\t\t\t<figure class=\"wp-caption\">\n\t\t\t\t\t\t\t\t\t\t\t<a href=\"https:\/\/www.fpzv-ev.de\/index.php\/friesenpferdezucht\/zuchtbuch\/zuchtbuch-online\">\n\t\t\t\t\t\t\t<img decoding=\"async\" width=\"150\" height=\"169\" src=\"https:\/\/www.fpzv-ev.de\/wp-content\/uploads\/2018\/03\/Plakette-schwarz-1.png\" class=\"elementor-animation-pulse-grow attachment-large size-large wp-image-765\" alt=\"\" \/>\t\t\t\t\t\t\t\t<\/a>\n\t\t\t\t\t\t\t\t\t\t\t<figcaption class=\"widget-image-caption wp-caption-text\">Login f\u00fcr registrierte Mitglieder<\/figcaption>\n\t\t\t\t\t\t\t\t\t\t<\/figure>\n\t\t\t\t\t\t\t<\/div>\n\t\t\t\t<\/div>\n\t\t\t\t\t<\/div>\n\t\t<\/div>\n\t\t\t\t<div class=\"elementor-column elementor-col-33 elementor-top-column elementor-element elementor-element-b86b5ad\" data-id=\"b86b5ad\" data-element_type=\"column\">\n\t\t\t<div class=\"elementor-widget-wrap elementor-element-populated\">\n\t\t\t\t\t\t<div class=\"elementor-element elementor-element-892ae2f elementor-widget elementor-widget-image\" data-id=\"892ae2f\" data-element_type=\"widget\" data-widget_type=\"image.default\">\n\t\t\t\t<div class=\"elementor-widget-container\">\n\t\t\t\t\t\t\t\t\t\t<figure class=\"wp-caption\">\n\t\t\t\t\t\t\t\t\t\t\t<a href=\"https:\/\/www.fpzv-ev.de\/index.php\/friesenpferdezucht\/unser-verband\/mitglied-werden\/\">\n\t\t\t\t\t\t\t<img decoding=\"async\" width=\"150\" height=\"171\" src=\"https:\/\/www.fpzv-ev.de\/wp-content\/uploads\/2018\/03\/Plakette-rot.png\" class=\"elementor-animation-pulse-grow attachment-large size-large wp-image-330\" alt=\"\" \/>\t\t\t\t\t\t\t\t<\/a>\n\t\t\t\t\t\t\t\t\t\t\t<figcaption class=\"widget-image-caption wp-caption-text\">oder Mitglied werden<\/figcaption>\n\t\t\t\t\t\t\t\t\t\t<\/figure>\n\t\t\t\t\t\t\t<\/div>\n\t\t\t\t<\/div>\n\t\t\t\t\t<\/div>\n\t\t<\/div>\n\t\t\t\t<div class=\"elementor-column elementor-col-33 elementor-top-column elementor-element elementor-element-e7a00a7\" data-id=\"e7a00a7\" data-element_type=\"column\">\n\t\t\t<div class=\"elementor-widget-wrap\">\n\t\t\t\t\t\t\t<\/div>\n\t\t<\/div>\n\t\t\t\t\t<\/div>\n\t\t<\/section>\n\t\t\t\t<\/div>\n\t\t","protected":false},"excerpt":{"rendered":"<p>Den Z\u00fcchtern im FPZV steht f\u00fcr Ihre Zuchtarbeit nun ein neues zeitgem\u00e4\u00dfes Instrument zur Verf\u00fcgung. Alle relevanten Pferdestammdaten des FPZV inkl. der Zuchtwerte aus der aktuellen FPZV-Zuchtwertsch\u00e4tzung f\u00fcr Typ, Exterieur, Bewegung und Gesamteindruck sind in der Online-Datenbank enthalten und k\u00f6nnen von jedem Pferd abgerufen werden. Dar\u00fcber hinaus k\u00f6nnen virtuelle Einzelverpaarungen mit den aktiven FPZV-Hengsten durchgespielt &#8230; <a title=\"Was ist das Zuchtbuch online?\" class=\"read-more\" href=\"https:\/\/www.fpzv-ev.de\/index.php\/friesenpferdezucht\/zuchtbuch\/zuchtbuch-faq\/\" aria-label=\"Mehr bei Was ist das Zuchtbuch online?\">Weiterlesen &#8230;<\/a><\/p>\n","protected":false},"author":2,"featured_media":0,"parent":442,"menu_order":0,"comment_status":"closed","ping_status":"closed","template":"","meta":{"generate_page_header":""},"_links":{"self":[{"href":"https:\/\/www.fpzv-ev.de\/index.php\/wp-json\/wp\/v2\/pages\/421"}],"collection":[{"href":"https:\/\/www.fpzv-ev.de\/index.php\/wp-json\/wp\/v2\/pages"}],"about":[{"href":"https:\/\/www.fpzv-ev.de\/index.php\/wp-json\/wp\/v2\/types\/page"}],"author":[{"embeddable":true,"href":"https:\/\/www.fpzv-ev.de\/index.php\/wp-json\/wp\/v2\/users\/2"}],"replies":[{"embeddable":true,"href":"https:\/\/www.fpzv-ev.de\/index.php\/wp-json\/wp\/v2\/comments?post=421"}],"version-history":[{"count":10,"href":"https:\/\/www.fpzv-ev.de\/index.php\/wp-json\/wp\/v2\/pages\/421\/revisions"}],"predecessor-version":[{"id":5356,"href":"https:\/\/www.fpzv-ev.de\/index.php\/wp-json\/wp\/v2\/pages\/421\/revisions\/5356"}],"up":[{"embeddable":true,"href":"https:\/\/www.fpzv-ev.de\/index.php\/wp-json\/wp\/v2\/pages\/442"}],"wp:attachment":[{"href":"https:\/\/www.fpzv-ev.de\/index.php\/wp-json\/wp\/v2\/media?parent=421"}],"curies":[{"name":"wp","href":"https:\/\/api.w.org\/{rel}","templated":true}]}}