{"id":4674,"date":"2023-02-22T13:01:27","date_gmt":"2023-02-22T13:01:27","guid":{"rendered":"https:\/\/www.fpzv-ev.de\/?post_type=tribe_events&#038;p=4674"},"modified":"2026-03-21T11:35:04","modified_gmt":"2026-03-21T11:35:04","slug":"zuchtschau-auf-dem-friesengestuet-in-oberurff","status":"publish","type":"tribe_events","link":"https:\/\/www.fpzv-ev.de\/index.php\/event\/zuchtschau-auf-dem-friesengestuet-in-oberurff\/","title":{"rendered":"Zuchtschau auf dem Friesengest\u00fct in Oberurff"},"content":{"rendered":"<p>Die FPZV-Mitglieder Sylvia Sch\u00e4dlich und Klaus V\u00f6ssing laden zur Zuchtschau f\u00fcr den Einzugsbereich Mitte ein: am Sonntag, 23. August 2026, auf dem Friesengest\u00fct in Oberurff.<\/p>\n<p>Beginn ist voraussichtlich um <strong>11 Uhr<\/strong>. Eintritt frei.<\/p>\n<p>Das Anmeldeformular finden Sie in K\u00fcrze hier und unter dem Men\u00fcpunkt &#8222;Der FPZV&#8220; -&gt; &#8222;Formulare &amp; Regularien&#8220;. Nennschluss wird der 23. Juli 2026 sein.<\/p>\n<p>&nbsp;<\/p>\n","protected":false},"excerpt":{"rendered":"<p>Die FPZV-Mitglieder Sylvia Sch\u00e4dlich und Klaus V\u00f6ssing laden zur Zuchtschau f\u00fcr den Einzugsbereich Mitte ein: am Sonntag, 23. August 2026, auf dem Friesengest\u00fct in Oberurff. Beginn ist voraussichtlich um 11 Uhr. Eintritt frei. Das Anmeldeformular finden Sie in K\u00fcrze hier und unter dem Men\u00fcpunkt &#8222;Der FPZV&#8220; -&gt; &#8222;Formulare &amp; Regularien&#8220;. Nennschluss wird der 23. Juli &#8230; <a title=\"Zuchtschau auf dem Friesengest\u00fct in Oberurff\" class=\"read-more\" href=\"https:\/\/www.fpzv-ev.de\/index.php\/event\/zuchtschau-auf-dem-friesengestuet-in-oberurff\/\" aria-label=\"Mehr bei Zuchtschau auf dem Friesengest\u00fct in Oberurff\">Weiterlesen &#8230;<\/a><\/p>\n","protected":false},"author":123462,"featured_media":6350,"comment_status":"closed","ping_status":"closed","template":"","meta":{"generate_page_header":"","_tribe_events_status":"","_tribe_events_status_reason":""},"tags":[56,71],"tribe_events_cat":[31,24],"_links":{"self":[{"href":"https:\/\/www.fpzv-ev.de\/index.php\/wp-json\/wp\/v2\/tribe_events\/4674"}],"collection":[{"href":"https:\/\/www.fpzv-ev.de\/index.php\/wp-json\/wp\/v2\/tribe_events"}],"about":[{"href":"https:\/\/www.fpzv-ev.de\/index.php\/wp-json\/wp\/v2\/types\/tribe_events"}],"author":[{"embeddable":true,"href":"https:\/\/www.fpzv-ev.de\/index.php\/wp-json\/wp\/v2\/users\/123462"}],"replies":[{"embeddable":true,"href":"https:\/\/www.fpzv-ev.de\/index.php\/wp-json\/wp\/v2\/comments?post=4674"}],"version-history":[{"count":12,"href":"https:\/\/www.fpzv-ev.de\/index.php\/wp-json\/wp\/v2\/tribe_events\/4674\/revisions"}],"predecessor-version":[{"id":6533,"href":"https:\/\/www.fpzv-ev.de\/index.php\/wp-json\/wp\/v2\/tribe_events\/4674\/revisions\/6533"}],"wp:featuredmedia":[{"embeddable":true,"href":"https:\/\/www.fpzv-ev.de\/index.php\/wp-json\/wp\/v2\/media\/6350"}],"wp:attachment":[{"href":"https:\/\/www.fpzv-ev.de\/index.php\/wp-json\/wp\/v2\/media?parent=4674"}],"wp:term":[{"taxonomy":"post_tag","embeddable":true,"href":"https:\/\/www.fpzv-ev.de\/index.php\/wp-json\/wp\/v2\/tags?post=4674"},{"taxonomy":"tribe_events_cat","embeddable":true,"href":"https:\/\/www.fpzv-ev.de\/index.php\/wp-json\/wp\/v2\/tribe_events_cat?post=4674"}],"curies":[{"name":"wp","href":"https:\/\/api.w.org\/{rel}","templated":true}]}}

Zuchtschau auf dem Friesengestüt in Oberurff

<p>Die FPZV-Mitglieder Sylvia Schädlich und Klaus Vössing laden zur Zuchtschau für den Einzugsbereich Mitte ein: am Sonntag, 23. August 2026, auf dem Friesengestüt in Oberurff.</p>
<p>Beginn ist voraussichtlich um <strong>11 Uhr</strong>. Eintritt frei.</p>
<p>Das Anmeldeformular finden Sie in Kürze hier und unter dem Menüpunkt &#8222;Der FPZV&#8220; -&gt; &#8222;Formulare &amp; Regularien&#8220;. Nennschluss wird der 23. Juli 2026 sein.</p>
<p>&nbsp;</p>

<p>Die FPZV-Mitglieder Sylvia Schädlich und Klaus Vössing laden zur Zuchtschau für den Einzugsbereich Mitte ein: am Sonntag, 23. August 2026, auf dem Friesengestüt in Oberurff. Beginn ist voraussichtlich um 11 Uhr. Eintritt frei. Das Anmeldeformular finden Sie in Kürze hier und unter dem Menüpunkt &#8222;Der FPZV&#8220; -&gt; &#8222;Formulare &amp; Regularien&#8220;. Nennschluss wird der 23. Juli &#8230; <a title="Zuchtschau auf dem Friesengestüt in Oberurff" class="read-more" href="https://www.fpzv-ev.de/index.php/event/zuchtschau-auf-dem-friesengestuet-in-oberurff/" aria-label="Mehr bei Zuchtschau auf dem Friesengestüt in Oberurff">Weiterlesen &#8230;</a></p>
